s the units digit of f?
6
Suppose -13*g - 105 = -80*g + 163. Let r(i) = i - 2. Let o be r(2). Suppose -g*k + 70 + 34 = o. What is the tens digit of k?
2
Let x be (0/2)/(-6 + 5). Suppose -4*b = 4*o + 56, -2 = -b - 5*o - x. Let q = 32 + b. What is the tens digit of q?
1
Suppose -4112*g + 260234 = -4099*g. What is the thousands digit of g?
0
Let r = -3140 + 5263. What is the units digit of r?
3
Let s = 488 + -196. Let v = -112 + s. What is the units digit of v?
0
Let y(n) = -294*n - 404. Let w(l) = -73*l - 101. Let c(t) = -9*w(t) + 2*y(t). What is the thousands digit of c(21)?
1
Let c = -16109 - -27677. What is the units digit of c?
8
Suppose 70*g - 408336 = 22*g. What is the hundreds digit of g?
5
Let c = -12860 - -16526. What is the tens digit of c?
6
Suppose -3403311 = -77*g + 208025 - 627355. What is the ten thousands digit of g?
3
Suppose s - 1 = 0, 2*n - s - 4*s - 5 = 0. Let f be (-27712)/(-96) + 2/6. Suppose 5*h + n*p - 2*p = f, -6 = -2*p. What is the tens digit of h?
5
Suppose -o + 7 - 13 = 0. Let j(m) be the second derivative of m**4/4 + 2*m**3/3 + 17*m**2/2 + 84*m. What is the units digit of j(o)?
1
Suppose 3*w = 7*w - 2440. Suppose 28*g = 33*g + w. Let k = -49 - g. What is the units digit of k?
3
Suppose -5*v - 1 = -21. Let p(i) = 2*i**3 - 3*i**2 + 9*i - 6. What is the tens digit of p(v)?
1
Suppose -34*c - 12 = -36*c. Suppose -c*h = -13*h + 28. Suppose 4*r = h*x - 3*x + 1, 0 = -r + 2. What is the units digit of x?
7
Suppose 4*y + 48 = -4*b, 1 = 4*y - b + 44. Let x(s) = -12*s**2 - 25*s + 1. Let p be x(y). What is the tens digit of p/(-10) - 6/(-15)?
1
Let z = -27 + 36. Suppose -5*k - z = 16. What is the tens digit of 6/k*240/(-9)?
3
What is the hundreds digit of 77640/35 + 4/(-14)?
2
Suppose 20*o + 52*o - 96*o + 501504 = 0. What is the hundreds digit of o?
8
Let a = 32876 - 11386. What is the tens digit of a?
9
Suppose 5*w = 2*f - 3, 26 - 7 = 4*f + 3*w. Suppose -f*l + 179 = -1925. What is the units digit of l?
6
Suppose -f - 375 = -4*f. Suppose 6*m + 389 = 3*u + m, -3*m = u - f. What is the hundreds digit of u?
1
Let j be 9724/18 + 62/(-279). Let k = j - 321. What is the hundreds digit of k?
2
Let q = -4630 + 4632. Suppose 3*y = -0*y + 303. Suppose -3*z = -q*z - y. What is the units digit of z?
1
Suppose u = -4, -4*b - 5*u + 0 = 4. Suppose -5*d - 539 = -b*q - 4*d, -q + 141 = d. What is the units digit of q/40 - 2/5?
3
Let l = 215 + 460. Suppose -28 = -4*g + 4. Suppose g*b + b = l. What is the units digit of b?
5
Let x be -3*1 + (-1 - (-3 - 1)). Suppose x*f - 3*f + 9 = 0. Suppose -4*n = -2*h - 462, -f*h = -7*n + 3*n + 467. What is the units digit of n?
3
Suppose 4*u + v - 158025 + 13939 = 0, 2*u - v - 72040 = 0. What is the thousands digit of u?
6
Let n = 2608 + -2603. Suppose -7*z + 60 = -2*z. Suppose -6*r + 41 = 5*p - n*r, z = -3*r. What is the units digit of p?
9
Suppose -3*i = -3*v + 3, 2*i - 6*i = -v - 8. Let u be v*(-4)/40 - (-174)/10. What is the units digit of 442/6 + u/51?
4
Let k(t) = -73*t - 7. Let m be k(-5). Suppose -5*l = -22 - m. What is the tens digit of 2*(5/4)/5*l?
3
Suppose 6*n + 1568 + 3490 = 0. Let x = n - -1828. What is the tens digit of x?
8
Let b(i) = -i**2 + 6*i + 31. Let q be b(-3). What is the tens digit of 549 + -12 - (-1 - (q + -2))?
4
Let g = -878 + 1316. Let p = g - -447. What is the tens digit of p?
8
Let w(s) be the first derivative of s**4/4 - 5*s**2 + s - 1. Suppose 3*j + 17 = 5*h, 5*h + 4*j + 321 - 345 = 0. What is the tens digit of w(h)?
2
Let q = 118 + -114. Let x be q/(-10) - (-24)/10. Suppose -4*y + 2*y + 3*z = -198, -x*z = 4*y - 428. What is the hundreds digit of y?
1
Let v be 1651/26 - 1/2. Suppose 12 = -67*m + v*m. What is the tens digit of -41*m*(0 + -4)/(-4)?
2
Let o = 215 + -81. Suppose -p + o = 137. What is the units digit of 173 - -3*(4 + p)?
6
Let r be 83/5 + 6/(-10). Suppose r = t + 3*t, 2*q = 2*t - 12. What is the units digit of 864/14 - q/7?
2
Suppose -3*f = -0*m + 5*m + 9, -2*m - 2*f = 6. Let i(w) = 9*w + 60. What is the tens digit of i(m)?
6
Let c(b) = -7*b**2 - 2*b**3 - 27*b + 9 + 17*b + 12. Suppose 0 = -58*s + 57*s - 6. What is the units digit of c(s)?
1
Suppose h + 7 = -2*g, h + 0 + 8 = -3*g. What is the hundreds digit of 75699/156 + g/4?
4
Let h(p) be the first derivative of 5*p**3/3 + 17*p**2/2 + 56*p - 220. What is the thousands digit of h(-16)?
1
Let q(x) = 85*x - 5 + 65*x - 2. Let a(g) = g**3 + 11*g**2 - 10*g + 25. Let w be a(-12). What is the hundreds digit of q(w)?
1
Let v = 1579 - -3387. What is the units digit of v?
6
Let r(t) = -35*t - 23. Let j(g) = g - 2. Let o(k) = -j(k) - r(k). What is the tens digit of o(2)?
9
Suppose 3*b + 3*b = 30. Suppose 3*t = -3*s + 864, 3*t - b*s = -2*s + 864. Suppose 3*x - 108 = t. What is the tens digit of x?
3
Suppose 0 = -2*a - 75 + 17. Let j = a - -34. Suppose -j*i + 2*i - 15 = 0, -3*r - 3*i = -336. What is the tens digit of r?
1
What is the hundreds digit of ((-260)/30 - -8)/(6/(-67356))?
4
Let n = 10618 - 5885. What is the tens digit of n?
3
Suppose 31 = -z + 4*c + 11133, z = c + 11081. What is the ten thousands digit of z?
1
Suppose 29*r + 6745200 = 229*r. What is the thousands digit of r?
3
Suppose 68*r = -5*g + 71*r + 26515, 0 = -3*g + 2*r + 15908. What is the units digit of g?
6
Let g be -71*(-4)/6*15/10. Suppose r - g = -3*w + 6*r, -5 = 5*r. What is the units digit of w?
2
Suppose -2*u - 5 - 1 = -g, 0 = -2*g - 4*u + 4. Suppose 0 = g*w - s - 1042, -6*w + 2*w + 1038 = -3*s. What is the tens digit of w?
6
Let x = 9904 + -1811. What is the units digit of x?
3
Let u be ((1 - 1) + 722)*-2. What is the units digit of 162/(-81) + u/(-1)?
2
Suppose 17*b - 25*b = 3712. Let s = -248 - b. What is the units digit of s?
6
Let x(j) = -114*j - 21. Suppose 0 = -41*g + 29*g - 96. What is the hundreds digit of x(g)?
8
Let r be (-8 + 11)*8*2/(-6). Suppose -152 = 4*v + 4*m, 0*m - 182 = 5*v + 3*m. What is the units digit of v/4*-12*r/(-6)?
6
Suppose 33301 + 97400 = 2*h - u, 0 = -5*h + 5*u + 326730. What is the thousands digit of h?
5
Suppose -60*d + 6972 = -48*d. Suppose -2*l = -3*c + 7*c - 406, 3*l - d = c. What is the units digit of l?
5
Suppose 0 = -5*y + 5*a + 3165, 3*a + 1896 = 3*y - a. Let p = 2559 - y. What is the tens digit of p?
2
Let s be (-114)/22 - 194/(-1067). Let p(a) = 62*a**2 + 21*a + 4. What is the units digit of p(s)?
9
Let n(w) = -34*w + 211. Let x be n(16). Let u = 881 + x. What is the units digit of u?
8
Suppose 0 = -28*f + 47813 - 101. What is the hundreds digit of f?
7
Suppose -11 = -5*a - 6*a. Let n(h) = 5*h - a + 2 - 3*h**3 + 2*h**3 + 5*h + 7*h**2. What is the tens digit of n(6)?
9
Let h = 2671 - 4740. Let g = 2996 + h. What is the tens digit of g?
2
Suppose -31*z + 84 = -40. Suppose 267 = z*h - 5*o - 274, 0 = -4*o - 20. What is the hundreds digit of h?
1
Let v(f) = 4*f**2 - 11*f - 10*f**2 - 18 - 4*f + 11*f**2. What is the tens digit of v(-7)?
3
Suppose -4*z + w + 9 = -2*z, 4*z = -5*w + 11. Suppose b = z, -2*g + 3*b = -269 - 695. What is the tens digit of g?
8
What is the ten thousands digit of ((-1859)/52 - 4)*4*-157?
2
Let i = -66 - -80. Let z be ((0 - 29)*i)/(-1). Suppose 0 = -2*q + 3*s + 154, 5*q = s + z - 34. What is the tens digit of q?
7
Suppose 4*b = -4*g + 1848, g + 5*b - 458 = 2*b. Let x = -67 + g. What is the hundreds digit of x?
3
Suppose 0 = -3*u - 2*q + 6180, 5*u - u - 8260 = 4*q. Let s = u + -1454. What is the tens digit of s?
0
Let o = -1118 + 778. Let m = 602 + o. What is the hundreds digit of m?
2
Suppose -379*x - 5316 = -381*x. What is the thousands digit of x?
2
Let c = 409 - 152. Suppose -1117 = -5*h - c. What is the tens digit of h?
7
Let v be ((-24)/10)/((-2)/10). What is the hundreds digit of 2/v + ((-15590)/(-60) - -5)?
2
What is the units digit of (-1283550)/(-15)*15/75?
4
Let u = 94 - 90. Let x(w) = 2 + 12*w - 28 - u. What is the tens digit of x(10)?
9
Suppose -28*t + 29*t = -5*c + 1317, 0 = -4*t - 4*c + 5268. What is the hundreds digit of t?
3
Let j = 8 + -24. Let b = j - -4. Let h = b - -101. What is the tens digit of h?
8
Suppose -j + 3*k = 7, j - 7 = -2*j + 2*k. What is the units digit of 447/((j/((-5)/(-2)))/2)?
7
Suppose -1680 = 35*j - 42*j. Let q = 382 + j. What is the units digit of q?
2
Let o = -2156 + 2318. What is the hundreds digit of o?
1
Let k(o) = -o + 12. Let v be k(10). Suppose 0 =